{"id":162,"date":"2018-09-16T19:00:13","date_gmt":"2018-09-16T17:00:13","guid":{"rendered":"http:\/\/www.bo-it.org\/wpsite\/?page_id=162"},"modified":"2025-07-21T00:09:53","modified_gmt":"2025-07-20T22:09:53","slug":"chi-siamo","status":"publish","type":"page","link":"https:\/\/bo-it.org\/wpsite\/chi-siamo","title":{"rendered":"Chi siamo"},"content":{"rendered":"\r\n<div class=\"wp-block-columns is-layout-flex wp-container-core-columns-is-layout-1 wp-block-columns-is-layout-flex\">\r\n<div class=\"wp-block-column is-layout-flow wp-block-column-is-layout-flow\">\r\n<div class=\"wp-block-media-text alignwide has-medium-font-size\" style=\"grid-template-columns: 40% auto;\">\r\n<figure class=\"wp-block-media-text__media\"><img loading=\"lazy\" decoding=\"async\" width=\"1080\" height=\"1080\" class=\"wp-image-2798 size-full\" src=\"\/files\/Sara-Bernardi.jpeg\" alt=\"\" srcset=\"\/files\/Sara-Bernardi.jpeg 1080w, \/files\/Sara-Bernardi-300x300.jpeg 300w, \/files\/Sara-Bernardi-100x100.jpeg 100w, \/files\/Sara-Bernardi-600x600.jpeg 600w, \/files\/Sara-Bernardi-533x533.jpeg 533w, \/files\/Sara-Bernardi-768x768.jpeg 768w\" sizes=\"auto, (max-width: 1080px) 100vw, 1080px\" \/><\/figure>\r\n<div class=\"wp-block-media-text__content\">\r\n<h4 class=\"wp-block-heading\"><strong>Sara Bernardi<\/strong><\/h4>\r\n\r\n\r\n\r\n<p style=\"font-size: 15px;\">Direzione Creativa e segreteria organizzativa<\/p>\r\n\r\n\r\n\r\n<p style=\"font-size: 15px;\"><a href=\"mailto:direzione.boitcontest@gmail.com\" target=\"_blank\" rel=\"noreferrer noopener\">boitcontest[@]gmail.com<\/a><\/p>\r\n\r\n\r\n\r\n<p style=\"font-size: 15px;\">Co-Responsabile eventi, webinar e mostre<\/p>\r\n\r\n\r\n\r\n<p style=\"font-size: 15px;\">\u00a0<\/p>\r\n<\/div>\r\n<\/div>\r\n<\/div>\r\n<\/div>\r\n\r\n\r\n\r\n<div class=\"wp-block-media-text alignwide has-medium-font-size\" style=\"grid-template-columns: 40% auto;\">\r\n<figure class=\"wp-block-media-text__media\"><img loading=\"lazy\" decoding=\"async\" width=\"1080\" height=\"1080\" class=\"wp-image-2812 size-full\" src=\"\/files\/Carlotta-Camilla-Artioli.jpeg\" alt=\"\" srcset=\"\/files\/Carlotta-Camilla-Artioli.jpeg 1080w, \/files\/Carlotta-Camilla-Artioli-300x300.jpeg 300w, \/files\/Carlotta-Camilla-Artioli-100x100.jpeg 100w, \/files\/Carlotta-Camilla-Artioli-600x600.jpeg 600w, \/files\/Carlotta-Camilla-Artioli-533x533.jpeg 533w, \/files\/Carlotta-Camilla-Artioli-768x768.jpeg 768w\" sizes=\"auto, (max-width: 1080px) 100vw, 1080px\" \/><\/figure>\r\n<div class=\"wp-block-media-text__content\">\r\n<h4 class=\"wp-block-heading\">Carlotta Camilla Artioli<\/h4>\r\n\r\n\r\n\r\n<p style=\"font-size: 15px;\">Relazioni esterne e Co-Responsabile eventi, webinar e mostre<\/p>\r\n\r\n\r\n\r\n<p style=\"font-size: 15px;\"><a href=\"mailto:direzione.boitcontest@gmail.com\" target=\"_blank\" rel=\"noreferrer noopener\">boitcontest[@]gmail.com<\/a><\/p>\r\n<\/div>\r\n<\/div>\r\n\r\n\r\n\r\n<div class=\"wp-block-media-text alignwide\" style=\"font-size: 16px; grid-template-columns: 40% auto;\">\r\n<figure class=\"wp-block-media-text__media\"><img loading=\"lazy\" decoding=\"async\" width=\"1080\" height=\"1080\" class=\"wp-image-2814 size-full\" src=\"\/files\/Marta-Viviani.jpeg\" alt=\"\" srcset=\"\/files\/Marta-Viviani.jpeg 1080w, \/files\/Marta-Viviani-300x300.jpeg 300w, \/files\/Marta-Viviani-100x100.jpeg 100w, \/files\/Marta-Viviani-600x600.jpeg 600w, \/files\/Marta-Viviani-533x533.jpeg 533w, \/files\/Marta-Viviani-768x768.jpeg 768w\" sizes=\"auto, (max-width: 1080px) 100vw, 1080px\" \/><\/figure>\r\n<div class=\"wp-block-media-text__content\">\r\n<h4 class=\"wp-block-heading\">Marta Viviani<\/h4>\r\n\r\n\r\n\r\n<p style=\"font-size: 15px;\">Responsabile grafica<\/p>\r\n\r\n\r\n\r\n<p style=\"font-size: 15px;\"><a href=\"mailto:artdirector.boitcontest@gmail.com\" target=\"_blank\" rel=\"noreferrer noopener\">artdirector.boitcontest@gmail.com<\/a>\u00a0<\/p>\r\n<\/div>\r\n<\/div>\r\n\r\n\r\n\r\n<div class=\"wp-block-media-text alignwide has-medium-font-size\" style=\"grid-template-columns: 40% auto;\">\r\n<figure class=\"wp-block-media-text__media\"><img loading=\"lazy\" decoding=\"async\" width=\"1080\" height=\"1080\" class=\"wp-image-2820 size-full\" src=\"\/files\/Costanza-Rosa-1.jpeg\" alt=\"\" srcset=\"\/files\/Costanza-Rosa-1.jpeg 1080w, \/files\/Costanza-Rosa-1-300x300.jpeg 300w, \/files\/Costanza-Rosa-1-100x100.jpeg 100w, \/files\/Costanza-Rosa-1-600x600.jpeg 600w, \/files\/Costanza-Rosa-1-533x533.jpeg 533w, \/files\/Costanza-Rosa-1-768x768.jpeg 768w\" sizes=\"auto, (max-width: 1080px) 100vw, 1080px\" \/><\/figure>\r\n<div class=\"wp-block-media-text__content\">\r\n<h4 class=\"wp-block-heading\">Costanza Rosa<\/h4>\r\n\r\n\r\n\r\n<p style=\"font-size: 15px;\">SMM, comunicazione e sito web\u00a0<\/p>\r\n\r\n\r\n\r\n<p style=\"font-size: 15px;\"><a href=\"mailto:social.boitcontest@gmail.com\" target=\"_blank\" rel=\"noreferrer noopener\">social.boitcontest@gmail.com<\/a><\/p>\r\n<\/div>\r\n<\/div>\r\n\r\n\r\n\r\n<div class=\"wp-block-spacer\" style=\"height: 34px;\" aria-hidden=\"true\">\u00a0<\/div>\r\n\r\n<h3><strong>Associazione capofila <\/strong><\/h3>\r\n<p>\u201cBO it!\u201d \u00e8 un\u2019iniziativa culturale promossa dall&#8217;associazione <strong>Altrove<\/strong>.<\/p>\r\n<p>Altrove \u00e8 un\u2019associazione di progettazione culturale nata dall\u2019incontro tra Giulia Pescatore, Carlotta Artioli e Sara Bernardi. Carlotta e Sara da pi\u00f9 anni fanno parte del direttivo di BOit! Concorso Internazionale d\u2019Illustrazione. A partire dalla sua quarta edizione, BOit ha scelto di cresce all\u2019interno di Altrove, un\u2019associazione nata per dare forma a progetti culturali e condivisi. Una scelta volta a far crescere il Concorso, stringendo legami e nuove collaborazioni con realt\u00e0 locali e nazionali del terzo settore, dando cos\u00ec continuit\u00e0 al Concorso nel modo pi\u00f9 spontaneo e solido.<\/p>\r\n<p>Altrove: dal latino aliter ubi, \u201cdiversamente, altrove\u201d. Fantasia, illustrazione, artigianalit\u00e0: sono gli strumenti di Altrove per esprimere un certo modo di sentire, un viaggio nella dimensione interiore che restituisce una visione diversa del quotidiano. Condivisione, collaborazione, presenza: sono i punti di partenza di Altrove per mettersi alla prova, migrare verso altri mondi e tornare arricchiti portando l\u2019altrove nella quotidianit\u00e0.<\/p>\r\n<p>&nbsp;<\/p>\r\n<h3><strong>Associazioni capofila delle edizioni precedenti alla 4a<\/strong><\/h3>\r\n<p>L&#8217;associazione <a href=\"http:\/\/civico32.org\" target=\"_blank\" rel=\"noopener\"><strong>Il Civico32<\/strong> <\/a>da oltre un decennio opera sul territorio bolognese attraverso l&#8217;organizzazione di incontri e dibattiti su temi di attualit\u00e0 con un focus particolare alle tematiche legate al territorio. Nei 15 anni di attivit\u00e0 sono stati realizzate conferenze e dibattiti, mostre (sotto l\u2019attuale direzione artistica de la \u201cScuola della Carta\u201d), momenti formali ed informali di confronto rispetto ai temi legati allo sviluppo della Citt\u00e0, collaborato all\u2019organizzazione di Rassegne (\u201cMONDOVISIONI\u201d rassegna dei docufilm di Internazionale, \u201cEstate al Pincherle Social Garden\u201d rassegna musico-culturale al giardino Pincherle, &#8220;Dall&#8217;Euro All&#8217;EUROPA Federale&#8221;) impegnandosi pi\u00f9 recentemente anche in iniziative di riqualificazione di spazi pubblici (esperienza del Giardino Pincherle). L\u2019associazione si \u00e8 sempre contraddistinta per l&#8217;apertura con cui accoglie proposte giunte da singoli o gruppi, che intendono presentare il loro lavoro, sia esso un libro una mostra o una conferenza. Negli anni si \u00e8 avvalsa della collaborazione di altre associazioni e realt\u00e0, che operano in ambiti specifici, in relazione alle tematiche affrontate.<br \/>Tutte le iniziative sono documentate sul sito: <a href=\"http:\/\/www.civico32.org\" target=\"_blank\" rel=\"noopener\">www.civico32.org<\/a><\/p>\r\n<p><strong><a href=\"https:\/\/www.facebook.com\/menopermenobo\/\">MENOPERMENO<\/a><\/strong> \u00e8 un\u2019associazione di promozione sociale senza scopo di lucro, impegnata in<br \/>progetti di prevenzione e supporto al disagio psicologico in situazioni di calamit\u00e0, disastri ed<br \/>emergenza\/urgenza tramite l\u2019attuazione di laboratori psicologici che utilizzano mezzi artistici come<br \/>strumento di espressione ed indagine di s\u00e9. Nel 2017 ha realizzato con i bambini della terza<br \/>elementare U.Betti di Camerino il progetto \u201cTalismani per Camerino\u201d, al fine di aiutare i bambini a<br \/>gestire le ansie e le fobie insorte a seguito del terremoto che ha colpito in particolare le Marche nel<br \/>2016. Nel 2018 abbiamo continuato a lavorare al progetto conseguendo diversi eventi di raccolta<br \/>fondi per sostenere l\u2019associazione IO NON CROLLO di Camerino nella realizzazione di laboratori<br \/>artistici per bambini e adolescenti al fine di contribuire alla creazione di uno spazio di aggregazione<br \/>sociale. Dal 2019 MONOPERMENO si dedica anche all\u2019ambito della formazione e dell\u2019educazione per<br \/>giovani e adolescenti, con l\u2019obiettivo di facilitare il metodo di studio per favorire un apprendimento<br \/>efficace e consapevole. A tale scopo a inizio 2019 \u00e8 stato realizzato il progetto \u201cOfficina Matematica\u201d<br \/>rivolto ai ragazzi delle scuole medie per rafforzare il proprio metodo di studio della disciplina<br \/>attraverso un metodo pedagogico innovativo.<\/p>\r\n\r\n<div class=\"wp-block-spacer\" style=\"height: 43px;\" aria-hidden=\"true\">\u00a0<\/div>\r\n\r\n\r\n\r\n<h3 class=\"wp-block-heading\">Collaborano e hanno collaborato con BOit:<\/h3>\r\n\r\n\r\n\r\n<div class=\"wp-block-columns is-layout-flex wp-container-core-columns-is-layout-2 wp-block-columns-is-layout-flex\">\r\n<div class=\"wp-block-column is-layout-flow wp-block-column-is-layout-flow\">\r\n<figure class=\"wp-block-image aligncenter size-full is-resized\"><img loading=\"lazy\" decoding=\"async\" class=\"wp-image-2800\" src=\"\/files\/Renata-Giannelli.jpeg\" alt=\"\" width=\"270\" height=\"270\" srcset=\"\/files\/Renata-Giannelli.jpeg 1080w, \/files\/Renata-Giannelli-300x300.jpeg 300w, \/files\/Renata-Giannelli-100x100.jpeg 100w, \/files\/Renata-Giannelli-600x600.jpeg 600w, \/files\/Renata-Giannelli-533x533.jpeg 533w, \/files\/Renata-Giannelli-768x768.jpeg 768w\" sizes=\"auto, (max-width: 270px) 100vw, 270px\" \/>\r\n<figcaption class=\"wp-element-caption\"><strong>Renata Giannelli<\/strong><\/figcaption>\r\n<\/figure>\r\n<\/div>\r\n\r\n\r\n\r\n<div class=\"wp-block-column is-layout-flow wp-block-column-is-layout-flow\">\r\n<figure class=\"wp-block-image aligncenter size-full is-resized\"><img loading=\"lazy\" decoding=\"async\" class=\"wp-image-2802\" src=\"\/files\/Francesca-Rametta.jpeg\" alt=\"\" width=\"270\" height=\"270\" srcset=\"\/files\/Francesca-Rametta.jpeg 1080w, \/files\/Francesca-Rametta-300x300.jpeg 300w, \/files\/Francesca-Rametta-100x100.jpeg 100w, \/files\/Francesca-Rametta-600x600.jpeg 600w, \/files\/Francesca-Rametta-533x533.jpeg 533w, \/files\/Francesca-Rametta-768x768.jpeg 768w\" sizes=\"auto, (max-width: 270px) 100vw, 270px\" \/>\r\n<figcaption class=\"wp-element-caption\"><strong>Francesca Rametta<\/strong><\/figcaption>\r\n<\/figure>\r\n<\/div>\r\n\r\n\r\n\r\n<div class=\"wp-block-column is-layout-flow wp-block-column-is-layout-flow\">\r\n<figure class=\"wp-block-image aligncenter size-full is-resized\"><img loading=\"lazy\" decoding=\"async\" class=\"wp-image-2804\" src=\"\/files\/Marco-Ottolenghi.jpeg\" alt=\"\" width=\"270\" height=\"270\" srcset=\"\/files\/Marco-Ottolenghi.jpeg 1080w, \/files\/Marco-Ottolenghi-300x300.jpeg 300w, \/files\/Marco-Ottolenghi-100x100.jpeg 100w, \/files\/Marco-Ottolenghi-600x600.jpeg 600w, \/files\/Marco-Ottolenghi-533x533.jpeg 533w, \/files\/Marco-Ottolenghi-768x768.jpeg 768w\" sizes=\"auto, (max-width: 270px) 100vw, 270px\" \/>\r\n<figcaption class=\"wp-element-caption\"><strong>Marco Ottolenghi<\/strong><\/figcaption>\r\n<\/figure>\r\n<\/div>\r\n<\/div>\r\n\r\n\r\n\r\n<div class=\"wp-block-columns is-layout-flex wp-container-core-columns-is-layout-3 wp-block-columns-is-layout-flex\">\r\n<div class=\"wp-block-column is-layout-flow wp-block-column-is-layout-flow\">\r\n<figure class=\"wp-block-image aligncenter size-full is-resized\"><img loading=\"lazy\" decoding=\"async\" class=\"wp-image-2806\" src=\"\/files\/Annalisa-Rosati.jpeg\" alt=\"\" width=\"270\" height=\"270\" srcset=\"\/files\/Annalisa-Rosati.jpeg 1080w, \/files\/Annalisa-Rosati-300x300.jpeg 300w, \/files\/Annalisa-Rosati-100x100.jpeg 100w, \/files\/Annalisa-Rosati-600x600.jpeg 600w, \/files\/Annalisa-Rosati-533x533.jpeg 533w, \/files\/Annalisa-Rosati-768x768.jpeg 768w\" sizes=\"auto, (max-width: 270px) 100vw, 270px\" \/>\r\n<figcaption class=\"wp-element-caption\"><strong>Annalisa Rosati<\/strong><\/figcaption>\r\n<\/figure>\r\n<\/div>\r\n\r\n\r\n\r\n<div class=\"wp-block-column has-small-font-size is-layout-flow wp-block-column-is-layout-flow\">\r\n<figure class=\"wp-block-image aligncenter size-full is-resized\"><img loading=\"lazy\" decoding=\"async\" class=\"wp-image-2808\" src=\"\/files\/Chiara-Mazzoni.jpeg\" alt=\"\" width=\"270\" height=\"270\" srcset=\"\/files\/Chiara-Mazzoni.jpeg 1080w, \/files\/Chiara-Mazzoni-300x300.jpeg 300w, \/files\/Chiara-Mazzoni-100x100.jpeg 100w, \/files\/Chiara-Mazzoni-600x600.jpeg 600w, \/files\/Chiara-Mazzoni-533x533.jpeg 533w, \/files\/Chiara-Mazzoni-768x768.jpeg 768w\" sizes=\"auto, (max-width: 270px) 100vw, 270px\" \/>\r\n<figcaption class=\"wp-element-caption\"><strong>Chiara Mazzoni<\/strong><\/figcaption>\r\n<\/figure>\r\n<\/div>\r\n\r\n\r\n\r\n<div class=\"wp-block-column is-layout-flow wp-block-column-is-layout-flow\">\r\n<figure class=\"wp-block-image aligncenter size-full is-resized\"><img loading=\"lazy\" decoding=\"async\" class=\"wp-image-2810\" src=\"\/files\/Francesca-Cigarini.jpeg\" alt=\"\" width=\"270\" height=\"270\" srcset=\"\/files\/Francesca-Cigarini.jpeg 1080w, \/files\/Francesca-Cigarini-300x300.jpeg 300w, \/files\/Francesca-Cigarini-100x100.jpeg 100w, \/files\/Francesca-Cigarini-600x600.jpeg 600w, \/files\/Francesca-Cigarini-533x533.jpeg 533w, \/files\/Francesca-Cigarini-768x768.jpeg 768w\" sizes=\"auto, (max-width: 270px) 100vw, 270px\" \/>\r\n<figcaption class=\"wp-element-caption\"><strong>Francesca Cigarini<\/strong><\/figcaption>\r\n<\/figure>\r\n<\/div>\r\n<\/div>\r\n","protected":false},"excerpt":{"rendered":"<p>Sara Bernardi Direzione Creativa e segreteria organizzativa boitcontest[@]gmail.com Co-Responsabile eventi, webinar e mostre \u00a0 Carlotta Camilla Artioli Relazioni esterne e Co-Responsabile eventi, webinar e mostre boitcontest[@]gmail.com Marta Viviani Responsabile grafica artdirector.boitcontest@gmail.com\u00a0 Costanza Rosa SMM, comunicazione e sito web\u00a0 social.boitcontest@gmail.com Associazione capofila \u201cBO it!\u201d \u00e8 un\u2019iniziativa culturale promossa dall&#8217;associazione Altrove. Altrove \u00e8 un\u2019associazione di progettazione culturale [&hellip;]<\/p>\n","protected":false},"author":1,"featured_media":0,"parent":0,"menu_order":0,"comment_status":"closed","ping_status":"closed","template":"template\/page-full-width.php","meta":{"_acf_changed":false,"footnotes":""},"class_list":["post-162","page","type-page","status-publish","hentry"],"acf":[],"_links":{"self":[{"href":"https:\/\/bo-it.org\/wpsite\/wp-json\/wp\/v2\/pages\/162","targetHints":{"allow":["GET"]}}],"collection":[{"href":"https:\/\/bo-it.org\/wpsite\/wp-json\/wp\/v2\/pages"}],"about":[{"href":"https:\/\/bo-it.org\/wpsite\/wp-json\/wp\/v2\/types\/page"}],"author":[{"embeddable":true,"href":"https:\/\/bo-it.org\/wpsite\/wp-json\/wp\/v2\/users\/1"}],"replies":[{"embeddable":true,"href":"https:\/\/bo-it.org\/wpsite\/wp-json\/wp\/v2\/comments?post=162"}],"version-history":[{"count":3,"href":"https:\/\/bo-it.org\/wpsite\/wp-json\/wp\/v2\/pages\/162\/revisions"}],"predecessor-version":[{"id":4520,"href":"https:\/\/bo-it.org\/wpsite\/wp-json\/wp\/v2\/pages\/162\/revisions\/4520"}],"wp:attachment":[{"href":"https:\/\/bo-it.org\/wpsite\/wp-json\/wp\/v2\/media?parent=162"}],"curies":[{"name":"wp","href":"https:\/\/api.w.org\/{rel}","templated":true}]}}